{"id":273,"date":"2020-07-15T19:32:21","date_gmt":"2020-07-15T19:32:21","guid":{"rendered":"https:\/\/bioinfo.imdik.pan.pl\/covid19\/?page_id=273"},"modified":"2020-08-21T20:33:47","modified_gmt":"2020-08-21T20:33:47","slug":"modele-matematyczne-przebieg-pandemii","status":"publish","type":"page","link":"https:\/\/bioinfo.imdik.pan.pl\/coronavirus-service\/mesmerize\/modele-matematyczne-przebieg-pandemii\/","title":{"rendered":"Analiza statystyczna rozwoju pandemii"},"content":{"rendered":"\n<p class=\"has-text-align-center\">Codzienne prognozy rozwoju epidemii pojawiaj\u0105 si\u0119 na stronie:<\/p>\n\n\n\n<div class=\"wp-block-buttons aligncenter\">\n<div class=\"wp-block-button is-style-fill\"><a class=\"wp-block-button__link\" href=\"https:\/\/ars19.pl\/CS\/\" target=\"_blank\" rel=\"noreferrer noopener\">https:\/\/ars19.pl\/CS\/<\/a><\/div>\n<\/div>\n\n\n\n<p class=\"has-text-align-center\">Na Wydziale Fizyki Uniwersytetu Warszawskiego dr hab. E. A. Bartnik realizuje projekt<br>statystycznej analizy rozwoju pandemii. Poni\u017cej najistotniejsze wyniki tego modelu. <\/p>\n\n\n\n<p class=\"has-text-align-center\">Zach\u0119camy do \u015bledzenia!<\/p>\n\n\n\n<p><\/p>\n\n\n\n<figure class=\"wp-block-gallery aligncenter columns-1 is-cropped\"><ul class=\"blocks-gallery-grid\"><li class=\"blocks-gallery-item\"><figure><img loading=\"lazy\" width=\"1024\" height=\"609\" src=\"https:\/\/bioinfo.imdik.pan.pl\/covid19\/wp-content\/uploads\/2020\/07\/12_July_Poland-1-1024x609.jpg\" alt=\"\" data-id=\"274\" class=\"wp-image-274\" srcset=\"https:\/\/bioinfo.imdik.pan.pl\/coronavirus-service\/wp-content\/uploads\/2020\/07\/12_July_Poland-1-1024x609.jpg 1024w, https:\/\/bioinfo.imdik.pan.pl\/coronavirus-service\/wp-content\/uploads\/2020\/07\/12_July_Poland-1-300x178.jpg 300w, https:\/\/bioinfo.imdik.pan.pl\/coronavirus-service\/wp-content\/uploads\/2020\/07\/12_July_Poland-1-768x456.jpg 768w, https:\/\/bioinfo.imdik.pan.pl\/coronavirus-service\/wp-content\/uploads\/2020\/07\/12_July_Poland-1-1536x913.jpg 1536w, https:\/\/bioinfo.imdik.pan.pl\/coronavirus-service\/wp-content\/uploads\/2020\/07\/12_July_Poland-1-1817x1080.jpg 1817w, https:\/\/bioinfo.imdik.pan.pl\/coronavirus-service\/wp-content\/uploads\/2020\/07\/12_July_Poland-1.jpg 2048w\" sizes=\"(max-width: 1024px) 100vw, 1024px\" \/><\/figure><\/li><\/ul><\/figure>\n\n\n\n<div class=\"wp-block-image\"><figure class=\"aligncenter size-large\"><img loading=\"lazy\" width=\"1024\" height=\"593\" src=\"https:\/\/bioinfo.imdik.pan.pl\/covid19\/wp-content\/uploads\/2020\/07\/12_July_Corona_summary-1-1-1024x593.jpg\" alt=\"\" class=\"wp-image-280\" srcset=\"https:\/\/bioinfo.imdik.pan.pl\/coronavirus-service\/wp-content\/uploads\/2020\/07\/12_July_Corona_summary-1-1-1024x593.jpg 1024w, https:\/\/bioinfo.imdik.pan.pl\/coronavirus-service\/wp-content\/uploads\/2020\/07\/12_July_Corona_summary-1-1-300x174.jpg 300w, https:\/\/bioinfo.imdik.pan.pl\/coronavirus-service\/wp-content\/uploads\/2020\/07\/12_July_Corona_summary-1-1-768x445.jpg 768w, https:\/\/bioinfo.imdik.pan.pl\/coronavirus-service\/wp-content\/uploads\/2020\/07\/12_July_Corona_summary-1-1-1536x889.jpg 1536w, https:\/\/bioinfo.imdik.pan.pl\/coronavirus-service\/wp-content\/uploads\/2020\/07\/12_July_Corona_summary-1-1-2048x1186.jpg 2048w, https:\/\/bioinfo.imdik.pan.pl\/coronavirus-service\/wp-content\/uploads\/2020\/07\/12_July_Corona_summary-1-1-1865x1080.jpg 1865w\" sizes=\"(max-width: 1024px) 100vw, 1024px\" \/><\/figure><\/div>\n","protected":false},"excerpt":{"rendered":"<p>Codzienne prognozy rozwoju epidemii pojawiaj\u0105 si\u0119 na stronie: Na Wydziale Fizyki Uniwersytetu Warszawskiego dr hab. E. A. Bartnik realizuje projektstatystycznej analizy rozwoju pandemii. Poni\u017cej najistotniejsze wyniki tego modelu. Zach\u0119camy do \u015bledzenia!<\/p>\n","protected":false},"author":5,"featured_media":0,"parent":26,"menu_order":0,"comment_status":"closed","ping_status":"closed","template":"","meta":[],"_links":{"self":[{"href":"https:\/\/bioinfo.imdik.pan.pl\/coronavirus-service\/wp-json\/wp\/v2\/pages\/273"}],"collection":[{"href":"https:\/\/bioinfo.imdik.pan.pl\/coronavirus-service\/wp-json\/wp\/v2\/pages"}],"about":[{"href":"https:\/\/bioinfo.imdik.pan.pl\/coronavirus-service\/wp-json\/wp\/v2\/types\/page"}],"author":[{"embeddable":true,"href":"https:\/\/bioinfo.imdik.pan.pl\/coronavirus-service\/wp-json\/wp\/v2\/users\/5"}],"replies":[{"embeddable":true,"href":"https:\/\/bioinfo.imdik.pan.pl\/coronavirus-service\/wp-json\/wp\/v2\/comments?post=273"}],"version-history":[{"count":11,"href":"https:\/\/bioinfo.imdik.pan.pl\/coronavirus-service\/wp-json\/wp\/v2\/pages\/273\/revisions"}],"predecessor-version":[{"id":345,"href":"https:\/\/bioinfo.imdik.pan.pl\/coronavirus-service\/wp-json\/wp\/v2\/pages\/273\/revisions\/345"}],"up":[{"embeddable":true,"href":"https:\/\/bioinfo.imdik.pan.pl\/coronavirus-service\/wp-json\/wp\/v2\/pages\/26"}],"wp:attachment":[{"href":"https:\/\/bioinfo.imdik.pan.pl\/coronavirus-service\/wp-json\/wp\/v2\/media?parent=273"}],"curies":[{"name":"wp","href":"https:\/\/api.w.org\/{rel}","templated":true}]}}