{"id":269,"date":"2020-07-15T19:29:15","date_gmt":"2020-07-15T19:29:15","guid":{"rendered":"https:\/\/bioinfo.imdik.pan.pl\/covid19\/?page_id=269"},"modified":"2020-07-15T19:48:15","modified_gmt":"2020-07-15T19:48:15","slug":"genom-sars-cov-2","status":"publish","type":"page","link":"https:\/\/bioinfo.imdik.pan.pl\/coronavirus-service\/mesmerize\/genom-sars-cov-2\/","title":{"rendered":"Genom SARS-CoV 2"},"content":{"rendered":"\n<figure class=\"wp-block-image size-large is-resized\"><img loading=\"lazy\" src=\"https:\/\/bioinfo.imdik.pan.pl\/covid19\/wp-content\/uploads\/2020\/07\/2020-07-15-19_35_51-ustawienie-strony-Dokumenty-Google-1-1024x486.png\" alt=\"\" class=\"wp-image-270\" width=\"768\" height=\"365\" srcset=\"https:\/\/bioinfo.imdik.pan.pl\/coronavirus-service\/wp-content\/uploads\/2020\/07\/2020-07-15-19_35_51-ustawienie-strony-Dokumenty-Google-1-1024x486.png 1024w, https:\/\/bioinfo.imdik.pan.pl\/coronavirus-service\/wp-content\/uploads\/2020\/07\/2020-07-15-19_35_51-ustawienie-strony-Dokumenty-Google-1-300x142.png 300w, https:\/\/bioinfo.imdik.pan.pl\/coronavirus-service\/wp-content\/uploads\/2020\/07\/2020-07-15-19_35_51-ustawienie-strony-Dokumenty-Google-1-768x364.png 768w, https:\/\/bioinfo.imdik.pan.pl\/coronavirus-service\/wp-content\/uploads\/2020\/07\/2020-07-15-19_35_51-ustawienie-strony-Dokumenty-Google-1.png 1132w\" sizes=\"(max-width: 768px) 100vw, 768px\" \/><figcaption>Rysunek 1. Pe\u0142ny genom SARS-CoV-2 i bia\u0142ka kt\u00f3re koduje.<\/figcaption><\/figure>\n\n\n\n<p class=\"has-text-align-center\">Pe\u0142ny genom wirusa SARS-CoV-2 znajduje si\u0119 na stronie: <\/p>\n\n\n\n<p class=\"has-text-align-center\"><a href=\"https:\/\/www.ncbi.nlm.nih.gov\/nuccore\/MN985325\">https:\/\/www.ncbi.nlm.nih.gov\/nuccore\/MN985325<\/a>.<\/p>\n","protected":false},"excerpt":{"rendered":"<p>Pe\u0142ny genom wirusa SARS-CoV-2 znajduje si\u0119 na stronie: https:\/\/www.ncbi.nlm.nih.gov\/nuccore\/MN985325.<\/p>\n","protected":false},"author":5,"featured_media":0,"parent":26,"menu_order":0,"comment_status":"closed","ping_status":"closed","template":"","meta":[],"_links":{"self":[{"href":"https:\/\/bioinfo.imdik.pan.pl\/coronavirus-service\/wp-json\/wp\/v2\/pages\/269"}],"collection":[{"href":"https:\/\/bioinfo.imdik.pan.pl\/coronavirus-service\/wp-json\/wp\/v2\/pages"}],"about":[{"href":"https:\/\/bioinfo.imdik.pan.pl\/coronavirus-service\/wp-json\/wp\/v2\/types\/page"}],"author":[{"embeddable":true,"href":"https:\/\/bioinfo.imdik.pan.pl\/coronavirus-service\/wp-json\/wp\/v2\/users\/5"}],"replies":[{"embeddable":true,"href":"https:\/\/bioinfo.imdik.pan.pl\/coronavirus-service\/wp-json\/wp\/v2\/comments?post=269"}],"version-history":[{"count":2,"href":"https:\/\/bioinfo.imdik.pan.pl\/coronavirus-service\/wp-json\/wp\/v2\/pages\/269\/revisions"}],"predecessor-version":[{"id":301,"href":"https:\/\/bioinfo.imdik.pan.pl\/coronavirus-service\/wp-json\/wp\/v2\/pages\/269\/revisions\/301"}],"up":[{"embeddable":true,"href":"https:\/\/bioinfo.imdik.pan.pl\/coronavirus-service\/wp-json\/wp\/v2\/pages\/26"}],"wp:attachment":[{"href":"https:\/\/bioinfo.imdik.pan.pl\/coronavirus-service\/wp-json\/wp\/v2\/media?parent=269"}],"curies":[{"name":"wp","href":"https:\/\/api.w.org\/{rel}","templated":true}]}}

<figure class="wp-block-image size-large is-resized"><img loading="lazy" src="https://bioinfo.imdik.pan.pl/covid19/wp-content/uploads/2020/07/2020-07-15-19_35_51-ustawienie-strony-Dokumenty-Google-1-1024x486.png" alt="" class="wp-image-270" width="768" height="365" srcset="https://bioinfo.imdik.pan.pl/coronavirus-service/wp-content/uploads/2020/07/2020-07-15-19_35_51-ustawienie-strony-Dokumenty-Google-1-1024x486.png 1024w, https://bioinfo.imdik.pan.pl/coronavirus-service/wp-content/uploads/2020/07/2020-07-15-19_35_51-ustawienie-strony-Dokumenty-Google-1-300x142.png 300w, https://bioinfo.imdik.pan.pl/coronavirus-service/wp-content/uploads/2020/07/2020-07-15-19_35_51-ustawienie-strony-Dokumenty-Google-1-768x364.png 768w, https://bioinfo.imdik.pan.pl/coronavirus-service/wp-content/uploads/2020/07/2020-07-15-19_35_51-ustawienie-strony-Dokumenty-Google-1.png 1132w" sizes="(max-width: 768px) 100vw, 768px" /><figcaption>Rysunek 1. Pełny genom SARS-CoV-2 i białka które koduje.</figcaption></figure>



<p class="has-text-align-center">Pełny genom wirusa SARS-CoV-2 znajduje się na stronie: </p>



<p class="has-text-align-center"><a href="https://www.ncbi.nlm.nih.gov/nuccore/MN985325">https://www.ncbi.nlm.nih.gov/nuccore/MN985325</a>.</p>

<p>Pełny genom wirusa SARS-CoV-2 znajduje się na stronie: https://www.ncbi.nlm.nih.gov/nuccore/MN985325.</p>
