{"id":210,"date":"2020-07-15T18:10:39","date_gmt":"2020-07-15T18:10:39","guid":{"rendered":"https:\/\/bioinfo.imdik.pan.pl\/covid19\/?page_id=210"},"modified":"2020-08-28T02:54:18","modified_gmt":"2020-08-28T02:54:18","slug":"schemat-zakazenia-covid-19","status":"publish","type":"page","link":"https:\/\/bioinfo.imdik.pan.pl\/coronavirus-service\/mesmerize\/schemat-zakazenia-covid-19\/","title":{"rendered":"Schemat zaka\u017cenia COVID-19"},"content":{"rendered":"\n<figure class=\"wp-block-image size-large\"><img loading=\"lazy\" width=\"800\" height=\"533\" src=\"https:\/\/bioinfo.imdik.pan.pl\/covid19\/wp-content\/uploads\/2020\/07\/Replikacja_wirusa_SARS-CoV-2_pl-1.jpg\" alt=\"\" class=\"wp-image-212\" srcset=\"https:\/\/bioinfo.imdik.pan.pl\/coronavirus-service\/wp-content\/uploads\/2020\/07\/Replikacja_wirusa_SARS-CoV-2_pl-1.jpg 800w, https:\/\/bioinfo.imdik.pan.pl\/coronavirus-service\/wp-content\/uploads\/2020\/07\/Replikacja_wirusa_SARS-CoV-2_pl-1-300x200.jpg 300w, https:\/\/bioinfo.imdik.pan.pl\/coronavirus-service\/wp-content\/uploads\/2020\/07\/Replikacja_wirusa_SARS-CoV-2_pl-1-768x512.jpg 768w\" sizes=\"(max-width: 800px) 100vw, 800px\" \/><\/figure>\n\n\n\n<figure class=\"wp-block-image size-large is-resized\"><img loading=\"lazy\" src=\"https:\/\/bioinfo.imdik.pan.pl\/covid19\/wp-content\/uploads\/2020\/07\/2020-07-15-19_32_53-ustawienie-strony-Dokumenty-Google.png\" alt=\"\" class=\"wp-image-211\" width=\"716\" height=\"443\" srcset=\"https:\/\/bioinfo.imdik.pan.pl\/coronavirus-service\/wp-content\/uploads\/2020\/07\/2020-07-15-19_32_53-ustawienie-strony-Dokumenty-Google.png 954w, https:\/\/bioinfo.imdik.pan.pl\/coronavirus-service\/wp-content\/uploads\/2020\/07\/2020-07-15-19_32_53-ustawienie-strony-Dokumenty-Google-300x186.png 300w, https:\/\/bioinfo.imdik.pan.pl\/coronavirus-service\/wp-content\/uploads\/2020\/07\/2020-07-15-19_32_53-ustawienie-strony-Dokumenty-Google-768x476.png 768w\" sizes=\"(max-width: 716px) 100vw, 716px\" \/><figcaption>Rysunek 1. Schemat zaka\u017cenia wirusem SARS-CoV-2. <sup>[1]<\/sup><\/figcaption><\/figure>\n\n\n\n<p>Na Rysunku 1. zaprezentowano uproszczony schemat dzia\u0142ania koronawirusa COVID-19. Wchodzi on do kom\u00f3rek \u0142\u0105cz\u0105c si\u0119 z receptorem ACE2, kt\u00f3ry jest na powierzchni p\u0119cherzyk\u00f3w p\u0142ucnych, ale tak\u017ce na wielu innych kom\u00f3rkach w organizmie. Prawid\u0142owa reakcja obronna polega na wytwarzaniu przez kom\u00f3rki uk\u0142adu odporno\u015bciowego przeciwcia\u0142 neutralizuj\u0105cych wirusa. Wymaga to sprawnego uk\u0142adu odporno\u015bciowego i trwa co najmniej kilka dni.&nbsp;&nbsp;<\/p>\n\n\n\n<figure class=\"wp-block-image size-large\"><img loading=\"lazy\" width=\"750\" height=\"467\" src=\"https:\/\/bioinfo.imdik.pan.pl\/covid19\/wp-content\/uploads\/2020\/07\/Bez-tytu\u0142u-1.png\" alt=\"\" class=\"wp-image-221\" srcset=\"https:\/\/bioinfo.imdik.pan.pl\/coronavirus-service\/wp-content\/uploads\/2020\/07\/Bez-tytu\u0142u-1.png 750w, https:\/\/bioinfo.imdik.pan.pl\/coronavirus-service\/wp-content\/uploads\/2020\/07\/Bez-tytu\u0142u-1-300x187.png 300w\" sizes=\"(max-width: 750px) 100vw, 750px\" \/><figcaption>Rysunek 2.&nbsp; Zrozumienie mechanizm\u00f3w infekcji przez 2019-nCOV przechodzi na bardziej szczeg\u00f3\u0142owy molekularny poziom. Struktura z lewej strony (a) prezentuje pierwszy krok procesu infekcji. Cylindry oznaczaj\u0105 tzw. a-helikalne fragmenty bia\u0142ek. Struktura zosta\u0142a okre\u015blona przez chi\u0144ski&nbsp; zesp\u00f3\u0142 z&nbsp; wykorzystaniem techniki&nbsp; cryo-EN.<sup>[2] <\/sup>&nbsp;Struktura z prawej strony (b), prezentuje g\u0142\u00f3wn\u0105 proteaz\u0119 wirusa, enzym &#8211; molekularn\u0105 maszyn\u0119, zaanga\u017cowan\u0105 w wytwarzanie niekt\u00f3rych \u201cprefabrykat\u00f3w\u201d, element\u00f3w ko\u0144cowej struktury wirusa. Komputerowy spos\u00f3b prezentacji r\u00f3\u017cni si\u0119 od tego po lewej stronie. Helikalne fragmenty, to w bardziej szczeg\u00f3\u0142owej reprezentacji&nbsp; cylindry, a p\u0142askie fragmenty ze strza\u0142kami, to tzw. struktury b. <sup>[3]&nbsp;<\/sup><\/figcaption><\/figure>\n\n\n\n<p>Potencjalnie \u015bmierteln\u0105, patologiczn\u0105 reakcj\u0105 immunologiczn\u0105, zwi\u0105zan\u0105 z zaka\u017ceniem wirusem SARS-CoV-2 jest tzw. sztorm cytokinetyczny (ang. <em>cytokine storm<\/em>). Zwi\u0105zany jest on z dodatnim sprz\u0119\u017ceniem zwrotnym mi\u0119dzy cytokinami a kom\u00f3rkami odporno\u015bciowymi zawartymi we krwi. Prowadzi on do niebezpiecznego podwy\u017cszenia poziomu innych cytokin, kt\u00f3re z kolei pobudzaj\u0105 pozosta\u0142\u0105 cz\u0119\u015b\u0107 uk\u0142adu odporno\u015bciowego do wi\u0119kszego dzia\u0142ania. W skrajnych przypadkach reakcja ta mo\u017ce prowadzi\u0107 do \u015bmierci pacjenta.<\/p>\n\n\n\n<p><\/p>\n\n\n\n<figure class=\"wp-block-video\"><video autoplay controls src=\"https:\/\/bioinfo.imdik.pan.pl\/coronavirus-service\/wp-content\/uploads\/2020\/07\/Explainer-How-the-coronavirus-SARS-CoV-2-infects-human-cells.mp4\"><\/video><\/figure>\n\n\n\n<h2>Bibliografia:<\/h2>\n\n\n\n<p>[1] Shanmugaraj i wsp., Asian Pac. J. Allergy. Immunol 2020 (Epub)<\/p>\n\n\n\n<p>[2] R. Yan et al., Science 10.1126\/science.abb2762 (2020).&nbsp;<\/p>\n\n\n\n<p>[3] http:\/\/www.rcsb.org\/news?year=2020&amp;article=5e3c4bcba5007a04a313edcc\/<\/p>\n","protected":false},"excerpt":{"rendered":"<p>Na Rysunku 1. zaprezentowano uproszczony schemat dzia\u0142ania koronawirusa COVID-19. Wchodzi on do kom\u00f3rek \u0142\u0105cz\u0105c si\u0119 z receptorem ACE2, kt\u00f3ry jest na powierzchni p\u0119cherzyk\u00f3w p\u0142ucnych, ale tak\u017ce na wielu innych kom\u00f3rkach w organizmie. Prawid\u0142owa reakcja obronna polega na wytwarzaniu przez kom\u00f3rki uk\u0142adu odporno\u015bciowego przeciwcia\u0142 neutralizuj\u0105cych wirusa. Wymaga to sprawnego uk\u0142adu odporno\u015bciowego i trwa co najmniej kilka&hellip; <br \/> <a class=\"read-more\" href=\"https:\/\/bioinfo.imdik.pan.pl\/coronavirus-service\/mesmerize\/schemat-zakazenia-covid-19\/\">Read more<\/a><\/p>\n","protected":false},"author":5,"featured_media":0,"parent":26,"menu_order":0,"comment_status":"closed","ping_status":"closed","template":"","meta":[],"_links":{"self":[{"href":"https:\/\/bioinfo.imdik.pan.pl\/coronavirus-service\/wp-json\/wp\/v2\/pages\/210"}],"collection":[{"href":"https:\/\/bioinfo.imdik.pan.pl\/coronavirus-service\/wp-json\/wp\/v2\/pages"}],"about":[{"href":"https:\/\/bioinfo.imdik.pan.pl\/coronavirus-service\/wp-json\/wp\/v2\/types\/page"}],"author":[{"embeddable":true,"href":"https:\/\/bioinfo.imdik.pan.pl\/coronavirus-service\/wp-json\/wp\/v2\/users\/5"}],"replies":[{"embeddable":true,"href":"https:\/\/bioinfo.imdik.pan.pl\/coronavirus-service\/wp-json\/wp\/v2\/comments?post=210"}],"version-history":[{"count":10,"href":"https:\/\/bioinfo.imdik.pan.pl\/coronavirus-service\/wp-json\/wp\/v2\/pages\/210\/revisions"}],"predecessor-version":[{"id":373,"href":"https:\/\/bioinfo.imdik.pan.pl\/coronavirus-service\/wp-json\/wp\/v2\/pages\/210\/revisions\/373"}],"up":[{"embeddable":true,"href":"https:\/\/bioinfo.imdik.pan.pl\/coronavirus-service\/wp-json\/wp\/v2\/pages\/26"}],"wp:attachment":[{"href":"https:\/\/bioinfo.imdik.pan.pl\/coronavirus-service\/wp-json\/wp\/v2\/media?parent=210"}],"curies":[{"name":"wp","href":"https:\/\/api.w.org\/{rel}","templated":true}]}}

Schemat zakażenia COVID-19

<figure class="wp-block-image size-large"><img loading="lazy" width="800" height="533" src="https://bioinfo.imdik.pan.pl/covid19/wp-content/uploads/2020/07/Replikacja_wirusa_SARS-CoV-2_pl-1.jpg" alt="" class="wp-image-212" srcset="https://bioinfo.imdik.pan.pl/coronavirus-service/wp-content/uploads/2020/07/Replikacja_wirusa_SARS-CoV-2_pl-1.jpg 800w, https://bioinfo.imdik.pan.pl/coronavirus-service/wp-content/uploads/2020/07/Replikacja_wirusa_SARS-CoV-2_pl-1-300x200.jpg 300w, https://bioinfo.imdik.pan.pl/coronavirus-service/wp-content/uploads/2020/07/Replikacja_wirusa_SARS-CoV-2_pl-1-768x512.jpg 768w" sizes="(max-width: 800px) 100vw, 800px" /></figure>



<figure class="wp-block-image size-large is-resized"><img loading="lazy" src="https://bioinfo.imdik.pan.pl/covid19/wp-content/uploads/2020/07/2020-07-15-19_32_53-ustawienie-strony-Dokumenty-Google.png" alt="" class="wp-image-211" width="716" height="443" srcset="https://bioinfo.imdik.pan.pl/coronavirus-service/wp-content/uploads/2020/07/2020-07-15-19_32_53-ustawienie-strony-Dokumenty-Google.png 954w, https://bioinfo.imdik.pan.pl/coronavirus-service/wp-content/uploads/2020/07/2020-07-15-19_32_53-ustawienie-strony-Dokumenty-Google-300x186.png 300w, https://bioinfo.imdik.pan.pl/coronavirus-service/wp-content/uploads/2020/07/2020-07-15-19_32_53-ustawienie-strony-Dokumenty-Google-768x476.png 768w" sizes="(max-width: 716px) 100vw, 716px" /><figcaption>Rysunek 1. Schemat zakażenia wirusem SARS-CoV-2. <sup>[1]</sup></figcaption></figure>



<p>Na Rysunku 1. zaprezentowano uproszczony schemat działania koronawirusa COVID-19. Wchodzi on do komórek łącząc się z receptorem ACE2, który jest na powierzchni pęcherzyków płucnych, ale także na wielu innych komórkach w organizmie. Prawidłowa reakcja obronna polega na wytwarzaniu przez komórki układu odpornościowego przeciwciał neutralizujących wirusa. Wymaga to sprawnego układu odpornościowego i trwa co najmniej kilka dni.&nbsp;&nbsp;</p>



<figure class="wp-block-image size-large"><img loading="lazy" width="750" height="467" src="https://bioinfo.imdik.pan.pl/covid19/wp-content/uploads/2020/07/Bez-tytułu-1.png" alt="" class="wp-image-221" srcset="https://bioinfo.imdik.pan.pl/coronavirus-service/wp-content/uploads/2020/07/Bez-tytułu-1.png 750w, https://bioinfo.imdik.pan.pl/coronavirus-service/wp-content/uploads/2020/07/Bez-tytułu-1-300x187.png 300w" sizes="(max-width: 750px) 100vw, 750px" /><figcaption>Rysunek 2.&nbsp; Zrozumienie mechanizmów infekcji przez 2019-nCOV przechodzi na bardziej szczegółowy molekularny poziom. Struktura z lewej strony (a) prezentuje pierwszy krok procesu infekcji. Cylindry oznaczają tzw. a-helikalne fragmenty białek. Struktura została określona przez chiński&nbsp; zespół z&nbsp; wykorzystaniem techniki&nbsp; cryo-EN.<sup>[2] </sup>&nbsp;Struktura z prawej strony (b), prezentuje główną proteazę wirusa, enzym &#8211; molekularną maszynę, zaangażowaną w wytwarzanie niektórych “prefabrykatów”, elementów końcowej struktury wirusa. Komputerowy sposób prezentacji różni się od tego po lewej stronie. Helikalne fragmenty, to w bardziej szczegółowej reprezentacji&nbsp; cylindry, a płaskie fragmenty ze strzałkami, to tzw. struktury b. <sup>[3]&nbsp;</sup></figcaption></figure>



<p>Potencjalnie śmiertelną, patologiczną reakcją immunologiczną, związaną z zakażeniem wirusem SARS-CoV-2 jest tzw. sztorm cytokinetyczny (ang. <em>cytokine storm</em>). Związany jest on z dodatnim sprzężeniem zwrotnym między cytokinami a komórkami odpornościowymi zawartymi we krwi. Prowadzi on do niebezpiecznego podwyższenia poziomu innych cytokin, które z kolei pobudzają pozostałą część układu odpornościowego do większego działania. W skrajnych przypadkach reakcja ta może prowadzić do śmierci pacjenta.</p>



<p></p>



<figure class="wp-block-video"><video autoplay controls src="https://bioinfo.imdik.pan.pl/coronavirus-service/wp-content/uploads/2020/07/Explainer-How-the-coronavirus-SARS-CoV-2-infects-human-cells.mp4"></video></figure>



<h2>Bibliografia:</h2>



<p>[1] Shanmugaraj i wsp., Asian Pac. J. Allergy. Immunol 2020 (Epub)</p>



<p>[2] R. Yan et al., Science 10.1126/science.abb2762 (2020).&nbsp;</p>



<p>[3] http://www.rcsb.org/news?year=2020&amp;article=5e3c4bcba5007a04a313edcc/</p>

<p>Na Rysunku 1. zaprezentowano uproszczony schemat działania koronawirusa COVID-19. Wchodzi on do komórek łącząc się z receptorem ACE2, który jest na powierzchni pęcherzyków płucnych, ale także na wielu innych komórkach w organizmie. Prawidłowa reakcja obronna polega na wytwarzaniu przez komórki układu odpornościowego przeciwciał neutralizujących wirusa. Wymaga to sprawnego układu odpornościowego i trwa co najmniej kilka&hellip; <br /> <a class="read-more" href="https://bioinfo.imdik.pan.pl/coronavirus-service/mesmerize/schemat-zakazenia-covid-19/">Read more</a></p>
